 z and 135.
27
Let d(v) = v**3 + 12*v**2 + 9*v. Let u be d(-11). What is the greatest common factor of 22 and u?
22
Let u(p) = -8*p + 4. Let s be u(-4). What is the greatest common divisor of s and 12?
12
Let a(p) = 8*p - 3. Let u be a(1). Suppose z = u*z - 144. What is the highest common factor of z and 9?
9
Suppose 8 = 4*q - 8. Let y(w) = -5*w + 7. Let d(p) = 6*p - 8. Let b(z) = 6*d(z) + 7*y(z). Let o be b(9). Calculate the highest common divisor of q and o.
2
Let l be 537/12 + (-4)/(-16). What is the highest common factor of l and 18?
9
Let m be -5 + 2 + 87/3. What is the highest common divisor of m and 208?
26
Suppose -b + 0*b + 85 = 0. Let m = b + -35. Let j = -18 + 28. What is the highest common divisor of j and m?
10
Let t(h) = -h**3 - 6*h**2 + h + 32. Let q be t(-6). What is the highest common divisor of 13 and q?
13
Suppose 4*j - h + 2*h - 43 = 0, j - 27 = 3*h. Let u(c) = 3*c + c**2 - 4*c**3 + 6*c**3 - 4*c**3. Let v be u(-4). What is the highest common divisor of v and j?
12
Let a be -3 + 6 + -3 - -261. Calculate the greatest common factor of 29 and a.
29
Suppose -4 - 1 = -3*m + 2*w, -5*w = 3*m - 40. What is the highest common divisor of m and 55?
5
Let s(q) = -q**2 + 13*q + 36. Let n be s(12). What is the highest common divisor of 32 and n?
16
Let o(b) = b + 12. Let t be o(-7). Suppose -t*q + 26 = -9. Calculate the greatest common divisor of q and 35.
7
Let t be (150/(-12))/(1/(-2)). Calculate the highest common factor of t and 5.
5
Let w = 237 - 156. Let i = -66 + 120. Calculate the greatest common divisor of i and w.
27
Suppose -5*c - 3*r - 230 = 0, 4*c - 2*r + 11 = -173. Let v = c + 127. What is the highest common divisor of 54 and v?
27
Let x be 7*1 + 1/3*3. Calculate the highest common factor of 24 and x.
8
Suppose 2*r + 0*r + 10 = -x, -3*x + 4*r = -20. Let v = x - -2. Suppose 0 = 3*o - 3*i + 9, -o + 3*i - 11 = o. What is the highest common factor of o and v?
2
Let x = -17 - -30. Calculate the highest common factor of 13 and x.
13
Let l be 112/(-3)*(3 - 6). Suppose 2*o + v + 2*v = 29, 5*v = 3*o - 53. What is the greatest common divisor of o and l?
16
Suppose 0*m - 3 = m. Let j = 0 + m. Let g be (-314)/j - (-2)/(-3). What is the highest common factor of g and 13?
13
Suppose -2*g + 5 = -3. Let w be (-342)/(-17) - (-14)/(-119). Calculate the greatest common divisor of w and g.
4
Let u be (6/(-9))/((-1)/30). Suppose 5*o - 1106 = -3*m, 4*m = 5*o + 3*m - 1098. Calculate the greatest common factor of o and u.
20
Let i(m) = 12*m - m**2 + 9 - 2 - 5*m + 0*m**2. Suppose 4*f - 16 = -2*w, -18 = -5*f + 4*f + 3*w. Let c be i(f). What is the highest common divisor of c and 143?
13
Let b be 3*4/(-16) + 1605/12. What is the greatest common factor of b and 7?
7
Let m = -13 + 14. Let p(l) = -l + 2. Let n be p(m). Calculate the highest common factor of 4 and n.
1
Let z be (2 - -23) + 5 + -1. Calculate the greatest common factor of z and 116.
29
Let i = 25 - 14. Calculate the greatest common factor of 121 and i.
11
Let i be 492/44 + (-8)/44. Calculate the greatest common factor of 77 and i.
11
Suppose 2*a - 11 = 5*p + 2, 4*a = 3*p + 19. Suppose 0 = -a*k - 14 + 2. Let u = -2 - k. What is the greatest common divisor of u and 1?
1
Suppose 3*z - 69 = -2*v, -v = -2*z - 5*v + 38. What is the greatest common factor of 25 and z?
25
Let p(n) = n**2 + 5*n + 2. Let y be p(-4). Let q = y - -11. Let f(l) = l**3 - 5*l**2 + 2*l - 7. Let r be f(5). Calculate the highest common factor of q and r.
3
Let z(u) = -u**3 + 13*u**2 + u + 13. Let b be z(13). What is the highest common factor of b and 117?
13
Let p = 349 + -233. What is the greatest common divisor of p and 58?
58
Suppose -3*w = -9 + 3. Let u(g) = -3*g - 2*g**2 + 10 - 4*g**w - 4*g + g**3. Let q be u(7). Calculate the greatest common divisor of q and 2.
2
Suppose 0 = 4*t - 3*t - 19. Suppose -2*g + 17 + t = 0. Let f(l) = l**2 - 10*l - 15. Let s be f(12). What is the greatest common divisor of g and s?
9
Suppose -9 + 35 = y. Let g = 1 + 4. Suppose -4*b = g*f - 42, -3*f = 5*b - 28 - 31. Calculate the highest common divisor of b and y.
13
Suppose 0 = 5*b - q - 264, -b + 3*q + 4 = -46. Calculate the greatest common factor of 583 and b.
53
Let f = 31 - 20. What is the highest common divisor of f and 33?
11
Let f(v) = v**2 - 3*v - 1. Let t be f(4). Suppose b = -12 + 15. What is the greatest common divisor of b and t?
3
Let v be -2 + (-3)/((-12)/128). Calculate the greatest common divisor of v and 45.
15
Let p = -102 - -21. Let r = p + 115. Calculate the highest common factor of r and 85.
17
Let x(a) = -a**2 + 11*a - 18. Let n be x(8). Let p be (2*3 - 0)/1. What is the highest common factor of p and n?
6
Suppose 6*f = 4*f + 132. Suppose 2*r + 20 = a, -a + 4*a - 3*r = f. Calculate the greatest common factor of 3 and a.
3
Let n = 9 - 9. Let d be 97 - 13 - (4 - n). Calculate the highest common divisor of 32 and d.
16
Let f(v) = v**2 + 9*v + 2. Let z be f(-9). Suppose -z*m = m - 21. Calculate the highest common divisor of 1 and m.
1
Suppose -17*x = -13*x - 360. Calculate the greatest common divisor of x and 10.
10
Let t = 6 + -34. Let o = t - -48. Calculate the highest common factor of 4 and o.
4
Suppose o = -2*i + 1, 3*i - 5 = 2*o - 14. Suppose o*h + 2*h - 25 = 0. What is the highest common factor of h and 20?
5
Suppose 2*m - 63 = -4*y + 7*y, y - 105 = -4*m. Calculate the greatest common divisor of m and 36.
9
Suppose -4*c + 2 = 3*q, 3 = -2*c - 3*q + 1. Suppose 0 = -2*m - 0*m + 12. Calculate the greatest common factor of c and m.
2
Suppose -23 = -5*w - 4*p - 1, 2*w = -2*p + 10. What is the greatest common factor of 2 and w?
2
Let a(c) = -c**2 + 13*c + 1. Let s be a(13). Let h be (-1*6)/((-4)/2). Suppose 0 = -5*r + 2*r + h. What is the highest common divisor of r and s?
1
Let j(i) = 5*i**2 - 2*i - 3. Let n be j(3). Let a = -90 - -180. What is the greatest common divisor of n and a?
18
Let y(g) = -g**3 + 4*g**2 + 6*g - 5. Let x be y(5). Suppose 180 = -x*f + 4*f. Let a = 63 - 33. Calculate the greatest common factor of f and a.
15
Let x(y) = y**3 + 7*y**2 - 9*y - 3. Let i be x(-8). Let v be i + 2/1 - 3. Suppose u - 14 = -v. Calculate the greatest common factor of u and 15.
5
Let u = -3 - -45. Calculate the highest common factor of u and 63.
21
Let h be 14 + (4 - 2) + 2. What is the greatest common factor of 63 and h?
9
Let u be 1/2*(-120)/(-6). What is the greatest common divisor of 70 and u?
10
Suppose -3*g - 5*t = -176, -2*g + 4*t = -g - 53. Suppose -2*o = -5*i - 38 - 58, -140 = -4*o - 3*i. What is the greatest common divisor of o and g?
19
Let n be 2*(-1)/(-6)*3. Let k be (-28)/(-8) + n/(-2). Let l be ((-1)/(-3))/((-1)/(-9)). What is the highest common factor of k and l?
3
Suppose 2*h = -2*h + 36. Suppose -6*f + 216 = -3*f. What is the greatest common factor of f and h?
9
Let w be (((-15)/(-4))/3)/((-6)/(-720)). What is the highest common factor of w and 60?
30
Let o(g) = g**3 + 6*g**2 - 7*g - 20. Let t be o(-6). What is the highest common factor of 2 and t?
2
Suppose 3*g = 0, -3*g + 20 = -5*c - 0*g. Let k(l) = -30*l - 5. Let r be k(c). Suppose -5*x = -r + 25. Calculate the greatest common divisor of 2 and x.
2
Let p be 2 - (-28)/(1/1). Suppose -64 = -4*f + 2*r, 0*f - 3*f - 4*r + 48 = 0. Let q = f + 29. Calculate the highest common factor of p and q.
15
Let h be 394 + (-40)/(-18) + 4/(-18). What is the greatest common divisor of h and 36?
36
Let y(o) = o**3 + 5*o**2 + 5*o + 6. Suppose -3*s - 4 = 8. Let a be y(s). Suppose -5*t = -a*t - 138. Calculate the highest common factor of t and 115.
23
Let c be 5 + -2 - 5 - -196. Let f = 402 - c. What is the highest common divisor of 26 and f?
26
Suppose 43 = 3*c - 5*l, 0 = 3*c + c - l - 63. What is the greatest common factor of c and 224?
16
Let c(h) = h**3 - 7*h**2 - 6*h - 11. Let g be c(8). Suppose 0 = -3*m + g*m - 76. What is the greatest common factor of m and 95?
19
Let u = 5 + 11. Calculate the highest common divisor of u and 40.
8
Let x be (51/6)/(3/12). What is the highest common factor of 85 and x?
17
Suppose 5*j - 10 = -d + 19, -4*j = -3*d - 8. Let f = j + 15. Calculate the greatest common divisor of 5 and f.
5
Let k be 1 + 0/5 - -84. What is the greatest common divisor of k and 34?
17
Let d = 24 - -32. Suppose -24 = 3*m - 69. Suppose -3*t + m = -6. What is the great